{"id":372,"date":"2011-04-19T12:32:27","date_gmt":"2011-04-19T12:32:27","guid":{"rendered":"http:\/\/www.sillon.it\/?page_id=372"},"modified":"2013-10-21T13:31:31","modified_gmt":"2013-10-21T13:31:31","slug":"il-divano-trasparenteil-divano-trasparente","status":"publish","type":"page","link":"https:\/\/www.sillon.it\/?page_id=372","title":{"rendered":"il divano trasparente"},"content":{"rendered":"<p>Sillon \u00e8 impegnato nella costante ricerca di nuovi e originali modelli dei quali cura l\u2019esecuzione con grande rigore e precisione. Per garantire risultati ottimali, modifica le operazioni di taglio e cucito dei tessuti adattandole alle diverse tipologie di imbottiti. \u00c8 cos\u00ec che ogni\u00a0 rivestimento diventa come un bel vestito, confezionato su misura ed in modo sartoriale.<br \/>\nPone anche particolare attenzione ai filati destinati alle cuciture e alle loro diverse rifiniture.<\/p>\n<p>Oltre a garantire forte resistenza, trapuntature e ribattiture, eseguite da mani esperte, diventano elementi caratterizzanti e conferiscono diversa personalit\u00e0 ai prodotti.<br \/>\nOvviamente Sillon non trascura neppure la parte all\u2019interno dei suoi imbottiti, quella che normalmente non si vede.<\/p>\n<p>Sceglie il legno migliore\u00a0 per le parti strutturali nel rispetto dei principi dell\u2019etica ambientale; utilizza tipi e densit\u00e0 di poliuretano adatte a mantenere inalterate nel tempo le caratteristiche di elasticit\u00e0 e resistenza; studia il corretto rapporto tra le parti morbide degli imbottiti e l\u2019azione delle cinghie elastiche, per ottenere il giusto grado di sostegno.<\/p>\n<p>Sillon, attento alle richieste della committenza e flessibile nella ricerca di soluzioni, si dimostra quindi in grado di soddisfare\u00a0 sia le esigenze del mercato del contract che del settore residenziale.<\/p>\n<p>Sillon significa, non solo tradizione artigianale italiana, ma anche costante ricerca e ampia personalizzazione. Ogni pezzo prodotto \u00e8 fatto a mano, spesso su misura, e sottoposto a controlli di qualit\u00e0 per raggiungere standard elevati. Dietro allo stile classico o contemporaneo, vi \u00e8 una struttura solida,\u00a0 che garantisce stabilit\u00e0 e durata nel tempo. Sillon \u00e8 particolarmente attento ad usare materiali sostenibili e ad impiegare in modo responsabile l\u2019energia necessaria nelle varie fasi di lavorazione.<\/p>\n<p>I prodotti realizzati da Sillon si adattano facilmente a diverse tipologie di ambienti, sia pubblici che privati, grazie alla cura e originalit\u00e0 dei dettagli eseguiti e all\u2019ampia gamma di rifiniture, tessuti e pelli\u00a0 proposti.<\/p>","protected":false},"excerpt":{"rendered":"<p>Sillon \u00e8 impegnato nella costante ricerca di nuovi e originali modelli dei quali cura l\u2019esecuzione con grande rigore e precisione. [&hellip;]<\/p>\n","protected":false},"author":1,"featured_media":0,"parent":0,"menu_order":0,"comment_status":"closed","ping_status":"open","template":"divanotrasparente-template.php","meta":[],"acf":[],"aioseo_notices":[],"_links":{"self":[{"href":"https:\/\/www.sillon.it\/index.php?rest_route=\/wp\/v2\/pages\/372"}],"collection":[{"href":"https:\/\/www.sillon.it\/index.php?rest_route=\/wp\/v2\/pages"}],"about":[{"href":"https:\/\/www.sillon.it\/index.php?rest_route=\/wp\/v2\/types\/page"}],"author":[{"embeddable":true,"href":"https:\/\/www.sillon.it\/index.php?rest_route=\/wp\/v2\/users\/1"}],"replies":[{"embeddable":true,"href":"https:\/\/www.sillon.it\/index.php?rest_route=%2Fwp%2Fv2%2Fcomments&post=372"}],"version-history":[{"count":18,"href":"https:\/\/www.sillon.it\/index.php?rest_route=\/wp\/v2\/pages\/372\/revisions"}],"predecessor-version":[{"id":1704,"href":"https:\/\/www.sillon.it\/index.php?rest_route=\/wp\/v2\/pages\/372\/revisions\/1704"}],"wp:attachment":[{"href":"https:\/\/www.sillon.it\/index.php?rest_route=%2Fwp%2Fv2%2Fmedia&parent=372"}],"curies":[{"name":"wp","href":"https:\/\/api.w.org\/{rel}","templated":true}]}}